{"id":110,"date":"2021-07-13T14:15:10","date_gmt":"2021-07-13T12:15:10","guid":{"rendered":"http:\/\/namelok.com\/?page_id=110"},"modified":"2022-01-28T15:24:47","modified_gmt":"2022-01-28T14:24:47","slug":"ecole-ole-tuya","status":"publish","type":"page","link":"https:\/\/namelok.org\/fr\/namelok-farm-association-2\/projets-realises\/ecole-ole-tuya\/","title":{"rendered":"Oletuya Primary School"},"content":{"rendered":"\n<blockquote class=\"wp-block-quote is-layout-flow wp-block-quote-is-layout-flow\"><p><strong>\u00ab\u00a0Education is power\u00a0\u00bb (l&rsquo;\u00e9ducation est la force)<\/strong><\/p><cite>Slogan de l&rsquo;Oletuya Primary School<\/cite><\/blockquote>\n\n\n\n<p><\/p>\n\n\n\n<div class=\"wp-block-columns is-layout-flex wp-container-core-columns-is-layout-9d6595d7 wp-block-columns-is-layout-flex\">\n<div class=\"wp-block-column is-layout-flow wp-block-column-is-layout-flow\">\n<p>Cette \u00e9cole se trouve \u00e0 environ une trentaine de minutes \u00e0 pieds de notre camp et accueille environ 550 \u00e9l\u00e8ves. Elle est dirig\u00e9e depuis 3 ans par Monsieur Julius ole Tome, second\u00e9 par 13 enseignants. Les challenges sont multiples afin d&rsquo;offrir les meilleures conditions d&rsquo;apprentissage pour ces \u00e9l\u00e8ves.<\/p>\n\n\n\n<p>Nous avons d\u00e9j\u00e0 r\u00e9alis\u00e9 deux jolis projets soit :<\/p>\n\n\n\n<ul class=\"wp-block-list\"><li>le remplacement de toutes les vitres de l&rsquo;\u00e9cole : la plupart \u00e9taient cass\u00e9es voire absentes. Les \u00e9l\u00e8ves peuvent \u00e9tudier dans de meilleures conditions.<\/li><li>la cr\u00e9ation de toilettes s\u00e8ches, 4 pour les gar\u00e7ons avec un urinoir et 3 pour les filles. <a href=\"https:\/\/namelok.com\/wp-content\/uploads\/2022\/01\/Journal-de-Morges-05.06.20.jpg\" data-type=\"URL\" data-id=\"https:\/\/namelok.com\/wp-content\/uploads\/2022\/01\/Journal-de-Morges-05.06.20.jpg\" target=\"_blank\" rel=\"noreferrer noopener\">Ce projet a \u00e9t\u00e9 r\u00e9alisable gr\u00e2ce \u00e0 Guillaume Rapp et ses amis<\/a> qui ont r\u00e9colt\u00e9 des fonds lors d&rsquo;un p\u00e9riple en v\u00e9lo \u00e0 travers la Suisse.<\/li><li>la plantation de plus 100 pieds d&rsquo;artemisia, plante qui, bue en tisane, permet de soigner et pr\u00e9venir la malaria. Cette maladie fait encore r\u00e9guli\u00e8rement des morts en pays maasa\u00ef.<\/li><li>l&rsquo;installation de goutti\u00e8res sur tout le toit de l&rsquo;\u00e9cole ainsi que d&rsquo;\u00e9normes r\u00e9servoirs. Ceci va permettre de limiter le temps pass\u00e9 par les \u00e9l\u00e8ves pour aller chercher de l&rsquo;eau au puits. Ce projet a vu le jour gr\u00e2ce \u00e0 notre marraine, Maud Ankaoua, qui a lanc\u00e9 l&rsquo;id\u00e9e en faisant une vid\u00e9o live sur facebook.<\/li><\/ul>\n\n\n\n<figure class=\"wp-block-gallery columns-3 is-cropped wp-block-gallery-1 is-layout-flex wp-block-gallery-is-layout-flex\"><ul class=\"blocks-gallery-grid\"><li class=\"blocks-gallery-item\"><figure><img loading=\"lazy\" decoding=\"async\" width=\"768\" height=\"1024\" src=\"https:\/\/namelok.com\/wp-content\/uploads\/2022\/01\/PHOTO-2020-12-15-11-53-33-2.jpg\" alt=\"\" data-id=\"367\" data-full-url=\"https:\/\/namelok.com\/wp-content\/uploads\/2022\/01\/PHOTO-2020-12-15-11-53-33-2.jpg\" data-link=\"https:\/\/namelok.com\/namelok-farm-association-2\/projets-realises\/ecole-ole-tuya\/photo-2020-12-15-11-53-33-2\/\" class=\"wp-image-367\" srcset=\"https:\/\/namelok.org\/wp-content\/uploads\/2022\/01\/PHOTO-2020-12-15-11-53-33-2.jpg 768w, https:\/\/namelok.org\/wp-content\/uploads\/2022\/01\/PHOTO-2020-12-15-11-53-33-2-225x300.jpg 225w, https:\/\/namelok.org\/wp-content\/uploads\/2022\/01\/PHOTO-2020-12-15-11-53-33-2-9x12.jpg 9w\" sizes=\"auto, (max-width: 768px) 100vw, 768px\" \/><figcaption class=\"blocks-gallery-item__caption\">Nouvelles vitres pour toutes les fen\u00eatres<\/figcaption><\/figure><\/li><li class=\"blocks-gallery-item\"><figure><img loading=\"lazy\" decoding=\"async\" width=\"1024\" height=\"576\" src=\"https:\/\/namelok.com\/wp-content\/uploads\/2022\/01\/PHOTO-2021-03-02-15-51-07-1024x576.jpg\" alt=\"\" data-id=\"369\" data-full-url=\"https:\/\/namelok.com\/wp-content\/uploads\/2022\/01\/PHOTO-2021-03-02-15-51-07.jpg\" data-link=\"https:\/\/namelok.com\/namelok-farm-association-2\/projets-realises\/ecole-ole-tuya\/photo-2021-03-02-15-51-07\/\" class=\"wp-image-369\" srcset=\"https:\/\/namelok.org\/wp-content\/uploads\/2022\/01\/PHOTO-2021-03-02-15-51-07-1024x576.jpg 1024w, https:\/\/namelok.org\/wp-content\/uploads\/2022\/01\/PHOTO-2021-03-02-15-51-07-300x169.jpg 300w, https:\/\/namelok.org\/wp-content\/uploads\/2022\/01\/PHOTO-2021-03-02-15-51-07-768x432.jpg 768w, https:\/\/namelok.org\/wp-content\/uploads\/2022\/01\/PHOTO-2021-03-02-15-51-07-18x10.jpg 18w, https:\/\/namelok.org\/wp-content\/uploads\/2022\/01\/PHOTO-2021-03-02-15-51-07-496x279.jpg 496w, https:\/\/namelok.org\/wp-content\/uploads\/2022\/01\/PHOTO-2021-03-02-15-51-07.jpg 1280w\" sizes=\"auto, (max-width: 1024px) 100vw, 1024px\" \/><figcaption class=\"blocks-gallery-item__caption\">D\u00e9marrage des fondations pour les nouvelles toilettes<\/figcaption><\/figure><\/li><li class=\"blocks-gallery-item\"><figure><img loading=\"lazy\" decoding=\"async\" width=\"1024\" height=\"766\" src=\"https:\/\/namelok.com\/wp-content\/uploads\/2022\/01\/PHOTO-2021-04-14-13-24-33-1024x766.jpg\" alt=\"\" data-id=\"370\" data-full-url=\"https:\/\/namelok.com\/wp-content\/uploads\/2022\/01\/PHOTO-2021-04-14-13-24-33.jpg\" data-link=\"https:\/\/namelok.com\/namelok-farm-association-2\/projets-realises\/ecole-ole-tuya\/photo-2021-04-14-13-24-33\/\" class=\"wp-image-370\" srcset=\"https:\/\/namelok.org\/wp-content\/uploads\/2022\/01\/PHOTO-2021-04-14-13-24-33-1024x766.jpg 1024w, https:\/\/namelok.org\/wp-content\/uploads\/2022\/01\/PHOTO-2021-04-14-13-24-33-300x225.jpg 300w, https:\/\/namelok.org\/wp-content\/uploads\/2022\/01\/PHOTO-2021-04-14-13-24-33-768x575.jpg 768w, https:\/\/namelok.org\/wp-content\/uploads\/2022\/01\/PHOTO-2021-04-14-13-24-33-16x12.jpg 16w, https:\/\/namelok.org\/wp-content\/uploads\/2022\/01\/PHOTO-2021-04-14-13-24-33-401x300.jpg 401w, https:\/\/namelok.org\/wp-content\/uploads\/2022\/01\/PHOTO-2021-04-14-13-24-33.jpg 1280w\" sizes=\"auto, (max-width: 1024px) 100vw, 1024px\" \/><figcaption class=\"blocks-gallery-item__caption\">Toilettes gar\u00e7ons<\/figcaption><\/figure><\/li><\/ul><\/figure>\n\n\n\n<figure class=\"wp-block-gallery columns-3 is-cropped wp-block-gallery-2 is-layout-flex wp-block-gallery-is-layout-flex\"><ul class=\"blocks-gallery-grid\"><li class=\"blocks-gallery-item\"><figure><img loading=\"lazy\" decoding=\"async\" width=\"720\" height=\"960\" src=\"https:\/\/namelok.com\/wp-content\/uploads\/2022\/01\/IMG_6540.jpg\" alt=\"\" data-id=\"373\" data-full-url=\"https:\/\/namelok.com\/wp-content\/uploads\/2022\/01\/IMG_6540.jpg\" data-link=\"https:\/\/namelok.com\/namelok-farm-association-2\/projets-realises\/ecole-ole-tuya\/img_6540\/\" class=\"wp-image-373\" srcset=\"https:\/\/namelok.org\/wp-content\/uploads\/2022\/01\/IMG_6540.jpg 720w, https:\/\/namelok.org\/wp-content\/uploads\/2022\/01\/IMG_6540-225x300.jpg 225w, https:\/\/namelok.org\/wp-content\/uploads\/2022\/01\/IMG_6540-9x12.jpg 9w\" sizes=\"auto, (max-width: 720px) 100vw, 720px\" \/><figcaption class=\"blocks-gallery-item__caption\">Transport des trois r\u00e9servoirs<\/figcaption><\/figure><\/li><li class=\"blocks-gallery-item\"><figure><img loading=\"lazy\" decoding=\"async\" width=\"720\" height=\"960\" src=\"https:\/\/namelok.com\/wp-content\/uploads\/2022\/01\/IMG_6538.jpg\" alt=\"\" data-id=\"371\" data-full-url=\"https:\/\/namelok.com\/wp-content\/uploads\/2022\/01\/IMG_6538.jpg\" data-link=\"https:\/\/namelok.com\/namelok-farm-association-2\/projets-realises\/ecole-ole-tuya\/img_6538\/\" class=\"wp-image-371\" srcset=\"https:\/\/namelok.org\/wp-content\/uploads\/2022\/01\/IMG_6538.jpg 720w, https:\/\/namelok.org\/wp-content\/uploads\/2022\/01\/IMG_6538-225x300.jpg 225w, https:\/\/namelok.org\/wp-content\/uploads\/2022\/01\/IMG_6538-9x12.jpg 9w\" sizes=\"auto, (max-width: 720px) 100vw, 720px\" \/><figcaption class=\"blocks-gallery-item__caption\">Et le sourire, toujours le sourire<\/figcaption><\/figure><\/li><li class=\"blocks-gallery-item\"><figure><img loading=\"lazy\" decoding=\"async\" width=\"1024\" height=\"768\" src=\"https:\/\/namelok.com\/wp-content\/uploads\/2022\/01\/IMG_6539.jpg\" alt=\"\" data-id=\"372\" data-full-url=\"https:\/\/namelok.com\/wp-content\/uploads\/2022\/01\/IMG_6539.jpg\" data-link=\"https:\/\/namelok.com\/namelok-farm-association-2\/projets-realises\/ecole-ole-tuya\/img_6539\/\" class=\"wp-image-372\" srcset=\"https:\/\/namelok.org\/wp-content\/uploads\/2022\/01\/IMG_6539.jpg 1024w, https:\/\/namelok.org\/wp-content\/uploads\/2022\/01\/IMG_6539-300x225.jpg 300w, https:\/\/namelok.org\/wp-content\/uploads\/2022\/01\/IMG_6539-768x576.jpg 768w, https:\/\/namelok.org\/wp-content\/uploads\/2022\/01\/IMG_6539-16x12.jpg 16w, https:\/\/namelok.org\/wp-content\/uploads\/2022\/01\/IMG_6539-400x300.jpg 400w\" sizes=\"auto, (max-width: 1024px) 100vw, 1024px\" \/><figcaption class=\"blocks-gallery-item__caption\">Trois r\u00e9servoirs de 5&rsquo;000 litres chacun <\/figcaption><\/figure><\/li><\/ul><\/figure>\n\n\n\n<figure class=\"wp-block-gallery columns-1 is-cropped wp-block-gallery-3 is-layout-flex wp-block-gallery-is-layout-flex\"><ul class=\"blocks-gallery-grid\"><li class=\"blocks-gallery-item\"><figure><img loading=\"lazy\" decoding=\"async\" width=\"1024\" height=\"944\" src=\"https:\/\/namelok.com\/wp-content\/uploads\/2022\/01\/Journal-de-Morges-05.06.20-1024x944.jpg\" alt=\"Journal de Morges du 5 juin 2020\" data-id=\"674\" data-full-url=\"https:\/\/namelok.com\/wp-content\/uploads\/2022\/01\/Journal-de-Morges-05.06.20.jpg\" data-link=\"https:\/\/namelok.com\/on-parle-de-nous\/journal-de-morges-05-06-20\/\" class=\"wp-image-674\" srcset=\"https:\/\/namelok.org\/wp-content\/uploads\/2022\/01\/Journal-de-Morges-05.06.20-1024x944.jpg 1024w, https:\/\/namelok.org\/wp-content\/uploads\/2022\/01\/Journal-de-Morges-05.06.20-300x277.jpg 300w, https:\/\/namelok.org\/wp-content\/uploads\/2022\/01\/Journal-de-Morges-05.06.20-768x708.jpg 768w, https:\/\/namelok.org\/wp-content\/uploads\/2022\/01\/Journal-de-Morges-05.06.20-1536x1416.jpg 1536w, https:\/\/namelok.org\/wp-content\/uploads\/2022\/01\/Journal-de-Morges-05.06.20-13x12.jpg 13w, https:\/\/namelok.org\/wp-content\/uploads\/2022\/01\/Journal-de-Morges-05.06.20-325x300.jpg 325w, https:\/\/namelok.org\/wp-content\/uploads\/2022\/01\/Journal-de-Morges-05.06.20.jpg 1860w\" sizes=\"auto, (max-width: 1024px) 100vw, 1024px\" \/><figcaption class=\"blocks-gallery-item__caption\">Journal de Morges du 5 juin 2020<\/figcaption><\/figure><\/li><\/ul><\/figure>\n\n\n<\/div>\n<\/div>\n","protected":false},"excerpt":{"rendered":"<p>\u00ab\u00a0Education is power\u00a0\u00bb (l&rsquo;\u00e9ducation est la force) Slogan de l&rsquo;Oletuya Primary School Cette \u00e9cole se trouve \u00e0 environ une trentaine de minutes \u00e0 pieds de &hellip;<\/p>\n","protected":false},"author":1,"featured_media":0,"parent":107,"menu_order":0,"comment_status":"closed","ping_status":"closed","template":"","meta":{"footnotes":""},"class_list":["post-110","page","type-page","status-publish","hentry"],"_links":{"self":[{"href":"https:\/\/namelok.org\/fr\/wp-json\/wp\/v2\/pages\/110","targetHints":{"allow":["GET"]}}],"collection":[{"href":"https:\/\/namelok.org\/fr\/wp-json\/wp\/v2\/pages"}],"about":[{"href":"https:\/\/namelok.org\/fr\/wp-json\/wp\/v2\/types\/page"}],"author":[{"embeddable":true,"href":"https:\/\/namelok.org\/fr\/wp-json\/wp\/v2\/users\/1"}],"replies":[{"embeddable":true,"href":"https:\/\/namelok.org\/fr\/wp-json\/wp\/v2\/comments?post=110"}],"version-history":[{"count":10,"href":"https:\/\/namelok.org\/fr\/wp-json\/wp\/v2\/pages\/110\/revisions"}],"predecessor-version":[{"id":748,"href":"https:\/\/namelok.org\/fr\/wp-json\/wp\/v2\/pages\/110\/revisions\/748"}],"up":[{"embeddable":true,"href":"https:\/\/namelok.org\/fr\/wp-json\/wp\/v2\/pages\/107"}],"wp:attachment":[{"href":"https:\/\/namelok.org\/fr\/wp-json\/wp\/v2\/media?parent=110"}],"curies":[{"name":"wp","href":"https:\/\/api.w.org\/{rel}","templated":true}]}}

<blockquote class="wp-block-quote is-layout-flow wp-block-quote-is-layout-flow"><p><strong>« Education is power » (l&rsquo;éducation est la force)</strong></p><cite>Slogan de l&rsquo;Oletuya Primary School</cite></blockquote>



<p></p>



<div class="wp-block-columns is-layout-flex wp-container-core-columns-is-layout-9d6595d7 wp-block-columns-is-layout-flex">
<div class="wp-block-column is-layout-flow wp-block-column-is-layout-flow">
<p>Cette école se trouve à environ une trentaine de minutes à pieds de notre camp et accueille environ 550 élèves. Elle est dirigée depuis 3 ans par Monsieur Julius ole Tome, secondé par 13 enseignants. Les challenges sont multiples afin d&rsquo;offrir les meilleures conditions d&rsquo;apprentissage pour ces élèves.</p>



<p>Nous avons déjà réalisé deux jolis projets soit :</p>



<ul class="wp-block-list"><li>le remplacement de toutes les vitres de l&rsquo;école : la plupart étaient cassées voire absentes. Les élèves peuvent étudier dans de meilleures conditions.</li><li>la création de toilettes sèches, 4 pour les garçons avec un urinoir et 3 pour les filles. <a href="https://namelok.com/wp-content/uploads/2022/01/Journal-de-Morges-05.06.20.jpg" data-type="URL" data-id="https://namelok.com/wp-content/uploads/2022/01/Journal-de-Morges-05.06.20.jpg" target="_blank" rel="noreferrer noopener">Ce projet a été réalisable grâce à Guillaume Rapp et ses amis</a> qui ont récolté des fonds lors d&rsquo;un périple en vélo à travers la Suisse.</li><li>la plantation de plus 100 pieds d&rsquo;artemisia, plante qui, bue en tisane, permet de soigner et prévenir la malaria. Cette maladie fait encore régulièrement des morts en pays maasaï.</li><li>l&rsquo;installation de gouttières sur tout le toit de l&rsquo;école ainsi que d&rsquo;énormes réservoirs. Ceci va permettre de limiter le temps passé par les élèves pour aller chercher de l&rsquo;eau au puits. Ce projet a vu le jour grâce à notre marraine, Maud Ankaoua, qui a lancé l&rsquo;idée en faisant une vidéo live sur facebook.</li></ul>



<figure class="wp-block-gallery columns-3 is-cropped wp-block-gallery-1 is-layout-flex wp-block-gallery-is-layout-flex"><ul class="blocks-gallery-grid"><li class="blocks-gallery-item"><figure><img loading="lazy" decoding="async" width="768" height="1024" src="https://namelok.com/wp-content/uploads/2022/01/PHOTO-2020-12-15-11-53-33-2.jpg" alt="" data-id="367" data-full-url="https://namelok.com/wp-content/uploads/2022/01/PHOTO-2020-12-15-11-53-33-2.jpg" data-link="https://namelok.com/namelok-farm-association-2/projets-realises/ecole-ole-tuya/photo-2020-12-15-11-53-33-2/" class="wp-image-367" srcset="https://namelok.org/wp-content/uploads/2022/01/PHOTO-2020-12-15-11-53-33-2.jpg 768w, https://namelok.org/wp-content/uploads/2022/01/PHOTO-2020-12-15-11-53-33-2-225x300.jpg 225w, https://namelok.org/wp-content/uploads/2022/01/PHOTO-2020-12-15-11-53-33-2-9x12.jpg 9w" sizes="auto, (max-width: 768px) 100vw, 768px" /><figcaption class="blocks-gallery-item__caption">Nouvelles vitres pour toutes les fenêtres</figcaption></figure></li><li class="blocks-gallery-item"><figure><img loading="lazy" decoding="async" width="1024" height="576" src="https://namelok.com/wp-content/uploads/2022/01/PHOTO-2021-03-02-15-51-07-1024x576.jpg" alt="" data-id="369" data-full-url="https://namelok.com/wp-content/uploads/2022/01/PHOTO-2021-03-02-15-51-07.jpg" data-link="https://namelok.com/namelok-farm-association-2/projets-realises/ecole-ole-tuya/photo-2021-03-02-15-51-07/" class="wp-image-369" srcset="https://namelok.org/wp-content/uploads/2022/01/PHOTO-2021-03-02-15-51-07-1024x576.jpg 1024w, https://namelok.org/wp-content/uploads/2022/01/PHOTO-2021-03-02-15-51-07-300x169.jpg 300w, https://namelok.org/wp-content/uploads/2022/01/PHOTO-2021-03-02-15-51-07-768x432.jpg 768w, https://namelok.org/wp-content/uploads/2022/01/PHOTO-2021-03-02-15-51-07-18x10.jpg 18w, https://namelok.org/wp-content/uploads/2022/01/PHOTO-2021-03-02-15-51-07-496x279.jpg 496w, https://namelok.org/wp-content/uploads/2022/01/PHOTO-2021-03-02-15-51-07.jpg 1280w" sizes="auto, (max-width: 1024px) 100vw, 1024px" /><figcaption class="blocks-gallery-item__caption">Démarrage des fondations pour les nouvelles toilettes</figcaption></figure></li><li class="blocks-gallery-item"><figure><img loading="lazy" decoding="async" width="1024" height="766" src="https://namelok.com/wp-content/uploads/2022/01/PHOTO-2021-04-14-13-24-33-1024x766.jpg" alt="" data-id="370" data-full-url="https://namelok.com/wp-content/uploads/2022/01/PHOTO-2021-04-14-13-24-33.jpg" data-link="https://namelok.com/namelok-farm-association-2/projets-realises/ecole-ole-tuya/photo-2021-04-14-13-24-33/" class="wp-image-370" srcset="https://namelok.org/wp-content/uploads/2022/01/PHOTO-2021-04-14-13-24-33-1024x766.jpg 1024w, https://namelok.org/wp-content/uploads/2022/01/PHOTO-2021-04-14-13-24-33-300x225.jpg 300w, https://namelok.org/wp-content/uploads/2022/01/PHOTO-2021-04-14-13-24-33-768x575.jpg 768w, https://namelok.org/wp-content/uploads/2022/01/PHOTO-2021-04-14-13-24-33-16x12.jpg 16w, https://namelok.org/wp-content/uploads/2022/01/PHOTO-2021-04-14-13-24-33-401x300.jpg 401w, https://namelok.org/wp-content/uploads/2022/01/PHOTO-2021-04-14-13-24-33.jpg 1280w" sizes="auto, (max-width: 1024px) 100vw, 1024px" /><figcaption class="blocks-gallery-item__caption">Toilettes garçons</figcaption></figure></li></ul></figure>



<figure class="wp-block-gallery columns-3 is-cropped wp-block-gallery-2 is-layout-flex wp-block-gallery-is-layout-flex"><ul class="blocks-gallery-grid"><li class="blocks-gallery-item"><figure><img loading="lazy" decoding="async" width="720" height="960" src="https://namelok.com/wp-content/uploads/2022/01/IMG_6540.jpg" alt="" data-id="373" data-full-url="https://namelok.com/wp-content/uploads/2022/01/IMG_6540.jpg" data-link="https://namelok.com/namelok-farm-association-2/projets-realises/ecole-ole-tuya/img_6540/" class="wp-image-373" srcset="https://namelok.org/wp-content/uploads/2022/01/IMG_6540.jpg 720w, https://namelok.org/wp-content/uploads/2022/01/IMG_6540-225x300.jpg 225w, https://namelok.org/wp-content/uploads/2022/01/IMG_6540-9x12.jpg 9w" sizes="auto, (max-width: 720px) 100vw, 720px" /><figcaption class="blocks-gallery-item__caption">Transport des trois réservoirs</figcaption></figure></li><li class="blocks-gallery-item"><figure><img loading="lazy" decoding="async" width="720" height="960" src="https://namelok.com/wp-content/uploads/2022/01/IMG_6538.jpg" alt="" data-id="371" data-full-url="https://namelok.com/wp-content/uploads/2022/01/IMG_6538.jpg" data-link="https://namelok.com/namelok-farm-association-2/projets-realises/ecole-ole-tuya/img_6538/" class="wp-image-371" srcset="https://namelok.org/wp-content/uploads/2022/01/IMG_6538.jpg 720w, https://namelok.org/wp-content/uploads/2022/01/IMG_6538-225x300.jpg 225w, https://namelok.org/wp-content/uploads/2022/01/IMG_6538-9x12.jpg 9w" sizes="auto, (max-width: 720px) 100vw, 720px" /><figcaption class="blocks-gallery-item__caption">Et le sourire, toujours le sourire</figcaption></figure></li><li class="blocks-gallery-item"><figure><img loading="lazy" decoding="async" width="1024" height="768" src="https://namelok.com/wp-content/uploads/2022/01/IMG_6539.jpg" alt="" data-id="372" data-full-url="https://namelok.com/wp-content/uploads/2022/01/IMG_6539.jpg" data-link="https://namelok.com/namelok-farm-association-2/projets-realises/ecole-ole-tuya/img_6539/" class="wp-image-372" srcset="https://namelok.org/wp-content/uploads/2022/01/IMG_6539.jpg 1024w, https://namelok.org/wp-content/uploads/2022/01/IMG_6539-300x225.jpg 300w, https://namelok.org/wp-content/uploads/2022/01/IMG_6539-768x576.jpg 768w, https://namelok.org/wp-content/uploads/2022/01/IMG_6539-16x12.jpg 16w, https://namelok.org/wp-content/uploads/2022/01/IMG_6539-400x300.jpg 400w" sizes="auto, (max-width: 1024px) 100vw, 1024px" /><figcaption class="blocks-gallery-item__caption">Trois réservoirs de 5&rsquo;000 litres chacun </figcaption></figure></li></ul></figure>



<figure class="wp-block-gallery columns-1 is-cropped wp-block-gallery-3 is-layout-flex wp-block-gallery-is-layout-flex"><ul class="blocks-gallery-grid"><li class="blocks-gallery-item"><figure><img loading="lazy" decoding="async" width="1024" height="944" src="https://namelok.com/wp-content/uploads/2022/01/Journal-de-Morges-05.06.20-1024x944.jpg" alt="Journal de Morges du 5 juin 2020" data-id="674" data-full-url="https://namelok.com/wp-content/uploads/2022/01/Journal-de-Morges-05.06.20.jpg" data-link="https://namelok.com/on-parle-de-nous/journal-de-morges-05-06-20/" class="wp-image-674" srcset="https://namelok.org/wp-content/uploads/2022/01/Journal-de-Morges-05.06.20-1024x944.jpg 1024w, https://namelok.org/wp-content/uploads/2022/01/Journal-de-Morges-05.06.20-300x277.jpg 300w, https://namelok.org/wp-content/uploads/2022/01/Journal-de-Morges-05.06.20-768x708.jpg 768w, https://namelok.org/wp-content/uploads/2022/01/Journal-de-Morges-05.06.20-1536x1416.jpg 1536w, https://namelok.org/wp-content/uploads/2022/01/Journal-de-Morges-05.06.20-13x12.jpg 13w, https://namelok.org/wp-content/uploads/2022/01/Journal-de-Morges-05.06.20-325x300.jpg 325w, https://namelok.org/wp-content/uploads/2022/01/Journal-de-Morges-05.06.20.jpg 1860w" sizes="auto, (max-width: 1024px) 100vw, 1024px" /><figcaption class="blocks-gallery-item__caption">Journal de Morges du 5 juin 2020</figcaption></figure></li></ul></figure>


</div>
</div>

<p>« Education is power » (l&rsquo;éducation est la force) Slogan de l&rsquo;Oletuya Primary School Cette école se trouve à environ une trentaine de minutes à pieds de &hellip;</p>
